{"id":131,"date":"2025-12-02T18:13:30","date_gmt":"2025-12-02T17:13:30","guid":{"rendered":"https:\/\/gechter-jung.de\/?page_id=131"},"modified":"2026-02-16T12:33:10","modified_gmt":"2026-02-16T11:33:10","slug":"fenster-glas","status":"publish","type":"page","link":"https:\/\/gechter-jung.de\/?page_id=131","title":{"rendered":"Fenster &amp; Glas"},"content":{"rendered":"\n<h2 class=\"wp-block-heading has-text-align-center\">Fenster- &amp; Glasreinigung<\/h2>\n\n\n\n<div style=\"height:100px\" aria-hidden=\"true\" class=\"wp-block-spacer\"><\/div>\n\n\n\n<div class=\"wp-block-columns is-layout-flex wp-container-core-columns-is-layout-9d6595d7 wp-block-columns-is-layout-flex\">\n<div class=\"wp-block-column is-vertically-aligned-center is-layout-flow wp-block-column-is-layout-flow\" style=\"flex-basis:66%\">\n<p class=\"has-text-align-left has-medium-font-size\" style=\"font-style:normal;font-weight:1000\">F\u00fcr ein glasklares Zuhause oder repr\u00e4sentative Gewerber\u00e4ume.<\/p>\n\n\n\n<ul class=\"wp-block-list\">\n<li class=\"has-medium-font-size\" style=\"font-style:normal;font-weight:1000\">Streifenfrei<\/li>\n\n\n\n<li class=\"has-medium-font-size\" style=\"font-style:normal;font-weight:1000\">Gl\u00e4nzend<\/li>\n\n\n\n<li class=\"has-medium-font-size\" style=\"font-style:normal;font-weight:1000\">Professionell<\/li>\n<\/ul>\n\n\n\n<p class=\"has-medium-font-size\" style=\"font-style:normal;font-weight:1000\">Im Rahmenvertrag ab 3\u20ac\/m2<\/p>\n<\/div>\n\n\n\n<div class=\"wp-block-column is-vertically-aligned-center is-layout-flow wp-block-column-is-layout-flow\"><div class=\"wp-block-image is-style-rounded\">\n<figure class=\"aligncenter size-medium\"><img loading=\"lazy\" decoding=\"async\" width=\"200\" height=\"300\" src=\"https:\/\/gechter-jung.de\/wp-content\/uploads\/2025\/12\/10-200x300.jpg\" alt=\"\" class=\"wp-image-133\" srcset=\"https:\/\/gechter-jung.de\/wp-content\/uploads\/2025\/12\/10-200x300.jpg 200w, https:\/\/gechter-jung.de\/wp-content\/uploads\/2025\/12\/10-683x1024.jpg 683w, https:\/\/gechter-jung.de\/wp-content\/uploads\/2025\/12\/10-768x1152.jpg 768w, https:\/\/gechter-jung.de\/wp-content\/uploads\/2025\/12\/10.jpg 1024w\" sizes=\"auto, (max-width: 200px) 100vw, 200px\" \/><\/figure>\n<\/div><\/div>\n<\/div>\n\n\n\n<div class=\"wp-block-buttons is-layout-flex wp-block-buttons-is-layout-flex\">\n<div class=\"wp-block-button has-custom-width wp-block-button__width-100\"><a class=\"wp-block-button__link has-background has-medium-font-size has-custom-font-size wp-element-button\" href=\"tel:0152 26948383\" style=\"border-top-left-radius:72px;border-top-right-radius:72px;border-bottom-left-radius:72px;border-bottom-right-radius:72px;background:linear-gradient(135deg,rgb(21,164,247) 0%,rgb(207,209,209) 100%);font-style:normal;font-weight:700\"><strong>Rufen sie uns an<\/strong><\/a><\/div>\n<\/div>\n\n\n\n<p><\/p>\n","protected":false},"excerpt":{"rendered":"<p>Fenster- &amp; Glasreinigung F\u00fcr ein glasklares Zuhause oder repr\u00e4sentative Gewerber\u00e4ume. Im Rahmenvertrag ab 3\u20ac\/m2<\/p>\n","protected":false},"author":1,"featured_media":88,"parent":0,"menu_order":0,"comment_status":"closed","ping_status":"closed","template":"","meta":{"footnotes":""},"class_list":["post-131","page","type-page","status-publish","has-post-thumbnail","hentry"],"_links":{"self":[{"href":"https:\/\/gechter-jung.de\/index.php?rest_route=\/wp\/v2\/pages\/131","targetHints":{"allow":["GET"]}}],"collection":[{"href":"https:\/\/gechter-jung.de\/index.php?rest_route=\/wp\/v2\/pages"}],"about":[{"href":"https:\/\/gechter-jung.de\/index.php?rest_route=\/wp\/v2\/types\/page"}],"author":[{"embeddable":true,"href":"https:\/\/gechter-jung.de\/index.php?rest_route=\/wp\/v2\/users\/1"}],"replies":[{"embeddable":true,"href":"https:\/\/gechter-jung.de\/index.php?rest_route=%2Fwp%2Fv2%2Fcomments&post=131"}],"version-history":[{"count":23,"href":"https:\/\/gechter-jung.de\/index.php?rest_route=\/wp\/v2\/pages\/131\/revisions"}],"predecessor-version":[{"id":431,"href":"https:\/\/gechter-jung.de\/index.php?rest_route=\/wp\/v2\/pages\/131\/revisions\/431"}],"wp:featuredmedia":[{"embeddable":true,"href":"https:\/\/gechter-jung.de\/index.php?rest_route=\/wp\/v2\/media\/88"}],"wp:attachment":[{"href":"https:\/\/gechter-jung.de\/index.php?rest_route=%2Fwp%2Fv2%2Fmedia&parent=131"}],"curies":[{"name":"wp","href":"https:\/\/api.w.org\/{rel}","templated":true}]}}